digit of (-61)/w - (-2)/(-10)?
2
Suppose 54 = 2*g - 0*g + 4*i, 108 = 3*g - 3*i. What is the units digit of g?
3
Let o(u) = -2*u**2 + 5*u + 2. Let l(a) = -a**2 + 5*a + 1. Let i(g) = 4*l(g) - 3*o(g). What is the units digit of i(-4)?
0
Suppose -3*o = 5*a - 8*o - 65, 4*a + o = 77. Suppose 0 = 3*t - 54 - a. What is the tens digit of t?
2
What is the tens digit of 1/(-3)*-267*1?
8
Let r(y) = -y**2 + 12*y - 5. What is the units digit of r(7)?
0
Let g = 10 + -10. Suppose -c - 3*t - t = -29, 5*t - 25 = g. What is the units digit of c?
9
Let z(l) = -l**2 + 6*l - 5. Let j be z(4). Suppose -j*r + 89 = 4*q, q + 93 = 4*q - 3*r. What is the units digit of q?
6
Let b(k) = 2*k + 3. Let o be b(-3). Let n be (1/o)/(3/(-18)). Suppose 2*q + n*q = 12. What is the units digit of q?
3
Let z(t) = t**3 - t + 10. Let s be (1 - 1)*3/(-3). What is the units digit of z(s)?
0
Let u = -124 + 264. What is the hundreds digit of u?
1
Suppose 6*b - 566 = 4*b. What is the hundreds digit of b?
2
Let r(h) = h**2 + 3*h - 2. Let c(x) = 3*x**2 + 9*x - 5. Let u(m) = -3*c(m) + 8*r(m). Let b be -1*3*(-2)/(-3). What is the units digit of u(b)?
1
Let j(q) = -q + 5. Let g be j(7). What is the tens digit of g*2*15/(-6)?
1
Let p be (-1 - -1 - 1)*-2. Suppose 2*w - 16 = -p*t - 0*w, 0 = 5*w - 10. What is the units digit of t?
6
Suppose 0*a + 462 = 2*a + 4*r, 2*a = -r + 450. What is the tens digit of a?
2
Let r(x) = 8*x - 1. What is the units digit of r(2)?
5
Let v be ((-3)/4)/((-4)/(-48)). Let p = v + 17. What is the units digit of p?
8
What is the units digit of (1 + 0 + -112)/(7 + -8)?
1
Suppose 3*s + 36 = 3*p, -2*p + 4*s = 3*p - 58. What is the tens digit of p?
1
Let i = -2 - -4. Suppose -2*s - 4*k = -4 + 2, -8 = -2*s - i*k. What is the units digit of s?
7
Suppose -5*r = -216 - 114. Let y = -47 + r. What is the units digit of y?
9
Let y(r) = 4*r + 1 + 3 + 3 - 5. Let k be y(5). Suppose -28 = -3*a + 2*h, 0*a + 2*h = 2*a - k. What is the units digit of a?
6
Suppose 0 = -3*s + 12, 2*d + 3*s = 4*d + 6. Suppose h - d*h = -5*i + 152, 44 = i + 3*h. What is the units digit of i?
2
Let c(l) be the first derivative of 15*l**2/2 + 4*l + 1. Let p(a) = 16*a + 5. Let j(q) = 6*c(q) - 5*p(q). What is the units digit of j(1)?
9
Suppose -6 = -4*r + 10. What is the units digit of (1/r)/((-3)/(-60))?
5
Suppose -492 = 41*r - 44*r. What is the units digit of r?
4
Suppose 24 = 5*m + 9. Suppose 6 = 3*f - m. Suppose f*x = 18 + 3. What is the units digit of x?
7
Suppose 0 = 4*i - 4*y - 0*y, 2*i = y + 5. Suppose -n + 3 = -i. What is the units digit of n?
8
Let l be (-1)/(2 + 27/(-12)). Suppose l*r - 2*n - 16 = 0, r + n + 6 = -n. What is the units digit of r + (-2 + 4)*2?
6
Let q = -4 - -8. Let s(o) = 3*o + 2. What is the units digit of s(q)?
4
Let p = 243 + -99. What is the tens digit of p?
4
Suppose -6 = -2*b + 2*i, -5*i + 0*i - 23 = -b. Let z be 0 - (-5 - (0 + b)). Suppose -36 + 0 = -z*j. What is the tens digit of j?
1
Suppose i - 5*l - 9 = 16, -5*i + 3*l = -213. Let n = i - 27. What is the tens digit of n?
1
Let r = -12 - -29. What is the units digit of r?
7
Let o be -2 - -1 - 0 - -3. Let x(n) = -n**2 + 2*n. Let l be x(o). Suppose -7 = -d - l*d - j, -j = 2*d - 12. What is the units digit of d?
5
Let s be ((-21)/6)/((-3)/(-6)). Let k = s + 18. What is the units digit of k?
1
Let p(l) = -l - 3. Let s be p(-5). Let n(w) = w**3 - w**2. Let b be n(s). What is the units digit of -14*2*(-1)/b?
7
Let b(p) = p**2 - 6*p + 1. Let k be b(5). Suppose 0*h + 32 = -4*h - w, 3*h = w - 31. What is the tens digit of (-78)/k*(-6)/h?
1
Let z(b) = -12*b - 65. What is the units digit of z(-26)?
7
Let o be (2 - 4)/(-2) - -4. Suppose -4*x = -4*j + 21 + 19, -o*x = j + 8. What is the units digit of j?
7
Suppose -8 = 4*x, -m - m = 2*x - 572. What is the hundreds digit of m?
2
Let d = -171 - -266. What is the tens digit of d?
9
Suppose -3*v - 5 = -3*f + 2*f, 5*v - 2*f + 9 = 0. Let x = v - -7. Let l = x - -5. What is the tens digit of l?
1
Suppose 5*x - 4*j = 97, -44 = -3*x + x - j. What is the tens digit of x?
2
Let h(c) = 3*c**2 - 5*c + 2. Let v(k) = -5*k - 5. Let b be v(-2). What is the tens digit of h(b)?
5
What is the tens digit of ((2 + -3)*6)/((-4)/58)?
8
Let r be (-6)/(-4) + 18/(-4). What is the units digit of 58/4 + r/2?
3
What is the units digit of 73/2 + 2/4?
7
Suppose -f + 0 - 2 = -3*j, -5*f + 24 = 2*j. Suppose 2*x = -4 - f. What is the units digit of 2/8 + (-23)/x?
6
Suppose -5*k + i + 463 = 0, -5*k = -i + 4*i - 451. What is the units digit of k?
2
Let u = 7 - 3. Let m = u + -6. Let x = m + 3. What is the units digit of x?
1
Let v = -74 + 146. What is the tens digit of v?
7
Let k = 19 + -12. What is the units digit of k?
7
Let t(x) = -8*x + 1. Let q be t(-1). Let f = q + -6. Suppose -f + 1 = -z. What is the units digit of z?
2
Let b(z) = -z - 18. Let x be b(0). What is the tens digit of (-238)/x + (-12)/54?
1
Let q = -2 - -4. Suppose 45 = -3*w - q*w. Let m = w - -15. What is the units digit of m?
6
Let f = -7 + 60. Let r = -38 + f. What is the tens digit of r?
1
Suppose -4*y - 2*q = -354, 3*y + 12*q - 268 = 10*q. What is the units digit of y?
6
Suppose -4*z - 25 = -3*j, -5*j + 23 = -z - z. Let r = 6 - j. Let d = 4 - r. What is the units digit of d?
1
Let o(j) = -j**3 - 7*j**2 - 8*j - 2. Let a be -12*1/(-6)*-3. What is the tens digit of o(a)?
1
Let c = -7 + 28. What is the tens digit of (-3)/c - (-92)/7?
1
Suppose 5*p + 1 = 6. Suppose 3 = 2*c - 3. Suppose -p - c = -2*k. What is the units digit of k?
2
Let v = 162 - 52. What is the tens digit of v?
1
Suppose -4*j + 210 = 6*j. What is the units digit of j?
1
Let m(q) = 4*q - 1. What is the units digit of m(6)?
3
Suppose 2*b + x - 7 = 0, 3*b - 3*x = 7*b - 17. Suppose l - 50 = -b*w - 11, -4*l - 2*w = -126. What is the tens digit of l?
2
Suppose 0 = 2*k - 5*j - 11, 2*j + j = -3*k + 48. What is the tens digit of k?
1
Suppose -8 = -4*m + 2*m. Suppose 0 = q - 3 - m. What is the units digit of q?
7
Let s(k) = k + 4. Let n be s(6). Let y(d) be the second derivative of d**4/12 - 11*d**3/6 + 13*d**2/2 + 37*d. What is the units digit of y(n)?
3
Suppose -8 + 32 = 4*u. Let a be u*(-2)/(2*-1). Let h = a + -4. What is the units digit of h?
2
Let s(y) = -y**3 + 9*y**2 - y + 10. Let r(o) = -o**3 - o**2 + 3*o + 4. Let i be r(-3). Let f = -4 + i. What is the units digit of s(f)?
1
Suppose -160 = 3*n - 8*n. What is the units digit of n?
2
Let n = 48 + -14. Let d(q) = n + 3*q**3 - 11*q**2 - 18 - 2*q**3. What is the units digit of d(11)?
6
Let n(p) = -3*p + p**2 - 1 + 9 - p. What is the tens digit of n(6)?
2
Suppose b - 2*b + 4 = 0. Suppose 3*s - 20 = b. What is the units digit of s?
8
Suppose 3*x - 29 - 55 = 0. Let u be 2/6 - x/3. What is the units digit of 10/6 - (-6)/u?
1
Let f = -14 + 19. Suppose -4*s + s = f*z - 111, 4*z - 4*s - 76 = 0. What is the units digit of z?
1
Let s be 0*((-32)/12 - -3). Suppose s*f - 190 = -5*f. What is the units digit of f?
8
Suppose 0 = 2*n + 4*x - 126 + 32, -3*x = -2*n + 73. What is the units digit of n?
1
Suppose 3 + 3 = 2*k. Suppose 5*w - 2 = k*w. What is the units digit of w?
1
Let g be ((-10)/(-6))/((-1)/3). Let w = g + 9. What is the units digit of 0 + 0 + w + -1?
3
Suppose 0*m = -5*m - 4*q + 100, -3*q = -m + 1. What is the units digit of m?
6
Let v(g) = -g**3 - 3*g**2 + 2. Let w be v(-2). Let i(o) = -8*o - 3. What is the tens digit of i(w)?
1
What is the hundreds digit of (-826)/(-6) - (0 + 8/12)?
1
Let d be (-1)/3*2*-27. Let l(g) = g**3 - 7*g**2 + 8*g - 8. Let z be l(6). Suppose z*c - d = c. What is the units digit of c?
6
Let i(q) = 3 - 3*q**3 + 5*q - 2*q**3 + 4*q**3 + 3*q**2. What is the units digit of i(4)?
7
Let u = 478 - 209. What is the units digit of u?
9
Let v(h) = -66*h - 3. What is the units digit of v(-3)?
5
Suppose -12*r - 244 = -16*r. What is the tens digit of r?
6
What is the units digit of (-3)/(0 - (-3)/(-14))?
4
Let d = 554 - 320. What is the tens digit of d?
3
Suppose 0 = 4*a - 6*a + 6. Suppose -3*c + 21 + 27 = u, -a*c - 3*u = -42. What is the units digit of c?
7
Let v(f) = 3*f**2 - 9*f + 5. Let s(y) = 7*y**2 - 19*y + 11. Let k(o) = 2*s(o) - 5*v(o). What is the units digit of k(5)?
7
What is the tens digit of -4 + (0 + -1)/((-10)/290)?
2
Let z be (0 - -1)/((-1)/(-18)). Let p = z + -1. Let o = p + -9. What is the units digit of o?
8
Suppose -4*y